
797
Let z = -332 + 227. Let d = z - -165. List the prime factors of d.
2, 3, 5
Suppose 4*a + 0 - 2 = -3*k, -5*a + 3*k + 16 = 0. Let h be -1 + (-2)/a - -8. What are the prime factors of (-99)/(-6) - h/4?
3, 5
Let z be (-12)/42 - ((-69)/21 + -2). What are the prime factors of 2 + 43 + 0 - (5 - z)?
3, 5
Suppose 5*u = 5*z + 40, 2*u = u - 2*z + 2. Suppose -156 = -u*p + 4*p. What are the prime factors of p?
2, 3, 13
Let r(p) = 2*p - 16. Let a be r(12). Suppose 0 = -5*x - 5*n + 570, -a = -n - 3*n. List the prime factors of x.
2, 7
Let t(c) = c**2 - c + 7. Let g be t(0). Let b be 9/g + (-4)/14. Let a = 6 - b. List the prime factors of a.
5
Let h = 49 - 31. Let t = -42 + 70. Let g = t - h. What are the prime factors of g?
2, 5
Let b(v) = -2*v**3 + 14*v**2 + 4*v + 2. Suppose -r = -5*r + 28. List the prime factors of b(r).
2, 3, 5
Suppose -8*c + 32 = -6*c. Suppose -14*x - 266 = -c*x. What are the prime factors of x?
7, 19
Let b(o) = 5*o - 50. Let y be b(12). What are the prime factors of (1 + 3)*125/(y/2)?
2, 5
Suppose 15*f - 4040 = 7*f. What are the prime factors of f?
5, 101
Let q(s) = -164*s. Let c be q(-1). Suppose 136 = 5*v - c. List the prime factors of v.
2, 3, 5
Suppose 4*l - j - 53 = -0*j, -51 = -4*l - j. Let y = l + -9. Suppose 3*h - 16 = -y. What are the prime factors of h?
2
Let k = 90 - 24. Suppose k = -8*f + 9*f. List the prime factors of f.
2, 3, 11
Let k = -277 - -501. What are the prime factors of k?
2, 7
Let r(i) = -29*i - 496. List the prime factors of r(-37).
577
Suppose 0 = 5*t + 2*o - 1852, -o = -t - 2*o + 371. Suppose 0 = -0*f + 3*f + 5*u - t, 5*u = 3*f - 320. What are the prime factors of f?
5, 23
Let l(t) = 5*t**2 - 145*t + 72. List the prime factors of l(42).
2, 3, 467
Suppose 0*y + 4*y = 4*k - 2676, -3*k - 2*y + 2012 = 0. What are the prime factors of k/18 + (-14)/63?
37
Suppose 2*l = 373 - 111. Suppose 2*s - 9 = l. List the prime factors of s.
2, 5, 7
Let c(s) = -266*s - 85. List the prime factors of c(-3).
23, 31
Suppose 0 = 5*i - 1076 - 129. What are the prime factors of i?
241
What are the prime factors of -4 - (-1 + -84 + (5 - 9))?
5, 17
Let u = 13 + -14. Let l(q) = 8*q**2 - 4*q - 12. Let p(w) = -w**3 + w**2. Let z(v) = u*p(v) + l(v). What are the prime factors of z(-5)?
2, 29
Let m(f) = f**3 - 3*f**2 - 6*f + 5. Let c be m(6). Suppose -4*v + 656 = 12*v. Let z = c - v. What are the prime factors of z?
2, 3
Let n(d) = -49*d - 332. Let m be n(-7). Let k(p) = -11 + 2 + 0 + p. What are the prime factors of k(m)?
2
Let i(p) = -p**3 - 7*p**2 - 9*p - 4. Let u be i(-6). Suppose 0*z - 3*v + 17 = z, 8 = 2*v. Let c = u - z. List the prime factors of c.
3
What are the prime factors of (30/(-3))/((-8)/4) - -63?
2, 17
Let b = -57 + 21. Let q = -21 - b. What are the prime factors of q?
3, 5
Let x(k) = -k**2 - k + 1. Let n be x(-1). Let l be (-1)/2*-6*n. Let r = l - -7. List the prime factors of r.
2, 5
Let w = -59 + 88. Let j = w - 19. Let y(s) = 2*s + 10. List the prime factors of y(j).
2, 3, 5
Let d = 820 + -108. List the prime factors of d.
2, 89
Suppose -y + 17 = 18, 5*m - 14578 = 3*y. What are the prime factors of m?
5, 11, 53
Let u(d) = -d**3 - 4*d**2 - 5*d - 4. Let k be u(-3). Let r be -5 + 3 + 4/k. Suppose r*h - 4*h = b - 37, b = -2*h + 33. What are the prime factors of b?
29
Let h = -24 - -16. What are the prime factors of (-26)/h*(9/(-3) + 39)?
3, 13
Let r be (12/9)/(5/30). Suppose -d - r = 3. Let s(k) = k**3 + 10*k**2 - 14*k - 2. List the prime factors of s(d).
31
Let t be (20/16 - 2)*68. Let h = 57 - t. Suppose p = -3*p + h. What are the prime factors of p?
3
Suppose -11*y - 3*y + 3612 = 0. List the prime factors of y.
2, 3, 43
Let u = 7 + -8. Let v = u - 3. What are the prime factors of -30*2/12*v?
2, 5
Suppose 5*x + 9 = 8*x. Suppose -4*g + 2 = -x*g. Suppose -5*b + g*b - 2*t + 20 = 0, -4*b - t = -25. What are the prime factors of b?
2, 3
Let x be -2 + (22 - -2 - 1). Let c(s) = 4*s - 36. Let v be c(6). Let y = v + x. List the prime factors of y.
3
Let r(z) = -z**2 - 2*z - 1. Let d be r(-1). Suppose 4*p - 4*w = -w + 353, d = -p - 5*w + 94. What are the prime factors of p?
89
Let u(w) = w**2 - 14*w + 4. List the prime factors of u(-6).
2, 31
Let h(g) = -g**3 - 8*g**2 - 2*g - 12. Let m be h(-8). Suppose m*l = f + 24, -2*l + 4*l = 5*f - 6. Suppose l*p - 52 - 228 = 0. What are the prime factors of p?
2, 5
Let h = -3 - -2. Let q = h - -6. Suppose -3*v = -q - 13. List the prime factors of v.
2, 3
Let k(v) = -8*v - 29. Let p be k(-4). Let y(j) = 54*j + 3. What are the prime factors of y(p)?
3, 5, 11
Suppose 12 = 2*v - 5*v, 0 = -y - 3*v + 1699. What are the prime factors of y?
29, 59
Let z(f) = 4*f - 12*f - 4*f + 7 + 7*f**2 - 2*f**2. List the prime factors of z(6).
5, 23
Suppose 0 = 109*v - 3*v - 292772. List the prime factors of v.
2, 1381
Let v be 2/6*-3*18. Let g = 24 + v. What are the prime factors of g?
2, 3
Let l(j) = 57*j - 142. List the prime factors of l(10).
2, 107
Let u(o) = o + 1. Let w be u(-1). Suppose -3*l - 12 = -w*l. List the prime factors of (30/l - 2)*-4.
2, 19
Let f = 22 + -12. Suppose 2*h - 4 = -2*u - f, 2*h + 3 = -u. List the prime factors of 9 + 0 - (-6)/u.
7
Let v be -2 + (-4)/((-8)/14). Suppose 0*k + r - 12 = 3*k, -2*r = -4*k - 18. Let g = k + v. List the prime factors of g.
2
Suppose 7 = 2*s + 3. Suppose 10 = 4*q + s*l, 3*q - 5*l + 3 + 22 = 0. Suppose -204 = -3*g - 4*f, f = -q*f + 3. List the prime factors of g.
2
Suppose -5*s + 8428 + 11119 = 3*i, -2*s = 2*i - 13026. What are the prime factors of i?
23, 283
What are the prime factors of 7/1 - (8 + -3293)?
2, 823
Let o(z) = 43*z**2 + 4*z - 4. What are the prime factors of o(-4)?
2, 167
Suppose 30182 + 16007 = 17*v. List the prime factors of v.
11, 13, 19
Let j = 16 - 13. Suppose -q - 4 = -j*q. Suppose -122 = -q*l + 10. What are the prime factors of l?
2, 3, 11
Let r(k) = -k**3 - 29*k**2 - 55*k + 33. Let i be r(-27). List the prime factors of ((-31)/2)/((-6)/i)*1.
5, 31
Let a(b) = -7*b - 14. Let i(m) be the first derivative of m**2 + 10*m + 10. Let z be i(-8). List the prime factors of a(z).
2, 7
Let l be (-2)/(-4) + (-1)/2. Suppose -2*n + 0*n - 20 = l. List the prime factors of (1 - -1) + (n - -33).
5
Suppose -b + 988 - 99 = 0. What are the prime factors of b?
7, 127
Suppose -4*z - k = 8, 3*z - 2*k - 6 = z. Let t = 0 + z. Let m(a) = -18*a - 1. List the prime factors of m(t).
17
Suppose 8*v = 1997 + 2435. Suppose 0 = -3*c + v - 185. What are the prime factors of c?
3, 41
Suppose 5*y - 4*m = 82, -3*m = -y - 2*m + 17. Suppose -3*j - 8 + y = 0. Suppose -4*v = -3*z - j*z - 125, 3*z = -15. What are the prime factors of v?
5
Suppose -3*s + t + 2*t + 3 = 0, -s = 5*t - 13. List the prime factors of (s - (-39)/(-6))*-2.
7
Let z(g) = 56*g**2 + 43*g + 310. What are the prime factors of z(-7)?
2753
Let c(t) = -7*t**3 + 5*t + 16. What are the prime factors of c(-4)?
2, 3, 37
Suppose 0 = 5*r - 0*r - 2*d + 11, 0 = 2*r - 3*d. List the prime factors of 65 + (1 + r)*(-3)/6.
2, 3, 11
Let d(l) = -l**2 + 2*l - 1. Let k be d(1). Suppose 3*n + g - 65 = 0, -4*n + 2*g = -k*g - 90. What are the prime factors of n?
2, 11
Suppose 72 = 11*p - 8*p. List the prime factors of p.
2, 3
Let g(i) = 3*i + 4*i - 2*i + 8 - i**2. Let r be g(5). Suppose -28 = -2*k + r. List the prime factors of k.
2, 3
Suppose -5*f - 2*b + 17 = 2*b, 3*b + 26 = 4*f. Suppose f*a = -6 - 14. Let v(j) = j**3 + 4*j**2 - 3*j - 5. List the prime factors of v(a).
7
Let k be (-5 - (-20)/4) + 199. What are the prime factors of (9 + 0)/(-3) + k?
2, 7
Suppose 5*d = -4*z - 850, -2*d - 3*z - 368 = -7*z. Let y = 260 + d. What are the prime factors of y?
2, 43
Let l be (-12)/(-8) - 5/(-2). Suppose 0*v - v = -l*c, -v = 2*c - 6. List the prime factors of 3 + (3 - 1 - c).
2
Suppose -i - g = -66, 2*i - 7*i + 3*g + 354 = 0. List the prime factors of i.
3, 23
Let k(w) = 39*w - 43. Let t be k(3). Let r be (-21)/(-4)*(-2 - -30). Let b = r - t. List the prime factors of b.
73
Let o = -23 - -24. Let p be (4*-25)/(-5) + o. List the prime factors of (19 - 17) + p*2.
2, 11
Suppose -1 + 10 = -3*q. Let s be -19 + (4 - (-9)/q). What are the prime factors of (-428)/s - (-38)/171?
2, 3
Let n(t) = -t**3 + 20*t**2 - t + 24. Let p be n(20). Suppose -p*v - 14 = -5*v. List the prime factors of v.
2, 7
Let k(u) = 6*u - 13*u + 6 + 8*u. Let t be k(-8). W